t s(j) = j**3 - 6*j**2 - 20*j - 64. Calculate s(-5).
-239
Let t(g) = g**3 - 37*g**2 - 296*g + 2976. What is t(42)?
-636
Let q(v) = -v**3 - 68*v**2 - 151*v - 35. Determine q(-66).
1219
Let u(m) = -7755*m + 31005. Give u(4).
-15
Let d(z) = 3*z**2 - 609*z + 10976. Give d(20).
-4
Let t(v) = v**2 + 82561*v - 330267. Determine t(4).
-7
Let x(h) = -h**3 - 133*h**2 - 1546*h + 205. Calculate x(-13).
23
Let k(r) = 30*r**2 + 56719*r - 305264. Give k(-1896).
-8
Let n(s) = -s**3 + 6*s**2 + 946*s - 8389. Give n(9).
-118
Let p(n) = 4943*n - 222466. Determine p(45).
-31
Let p(y) = -y**3 - 214*y**2 + 9237*y - 12564. Determine p(-251).
-14
Let y(m) = 5*m**3 + 713*m**2 - 298*m - 1682. Give y(-143).
34
Let p(u) = -22443*u**2 - 224447*u - 157. Give p(-10).
13
Let m(c) = -c**3 - 62*c**2 + 92*c + 5652. Determine m(-62).
-52
Let i(v) = -264*v + 26502. Determine i(103).
-690
Let h(s) = -s**3 - 49*s**2 - 227*s - 2174. Determine h(-45).
-59
Let v(g) = -4*g**2 - 426*g - 3875. Calculate v(-9).
-365
Let l(p) = -2*p**3 - 71*p**2 + 234*p + 9561. Give l(-35).
146
Let f(l) = 40*l**3 - 278*l**2 + 214*l + 44. What is f(6)?
-40
Let u(x) = -176*x + 26244. Calculate u(148).
196
Let l(f) = 55*f**2 - 4682*f + 593. Calculate l(85).
-2
Let x(a) = 3*a**2 + 173*a - 43. Determine x(-58).
15
Let f(t) = -6*t**3 + 162*t**2 - 534*t + 2. Give f(4).
74
Let y(c) = -c**2 + 22514*c - 6883234. What is y(310)?
6
Let l(x) = -x**3 - 100*x**2 - 2278*x + 118. Calculate l(-65).
313
Let l(y) = y**3 - 18*y**2 + 3324*y - 75061. Give l(22).
3
Let l(o) = 2*o**3 + 216*o**2 - 214*o + 397. Give l(-109).
-39
Let n(m) = 1514*m - 16560. Give n(11).
94
Let f(g) = -11*g**3 + 4082*g**2 - 4441*g + 365. What is f(370)?
-5
Let l(c) = c**2 + 117*c - 27071. What is l(116)?
-43
Let g(s) = 8*s**2 + 208*s - 772. Calculate g(-32).
764
Let m(n) = n**3 + 17*n**2 - 304*n + 251. Calculate m(-27).
1169
Let f(o) = -8*o**3 + 62*o**2 - 4*o - 5. Determine f(8).
-165
Let m(y) = -145*y**2 - 181*y + 5. Give m(5).
-4525
Let x(r) = 165*r**2 - 13540*r + 820. Give x(82).
0
Let b(v) = 2*v**2 - 152*v + 322. Give b(75).
172
Let j(z) = z**3 + 52*z**2 - 730*z - 18720. What is j(-59)?
-17
Let p(b) = -2*b**2 + 65*b + 1353. Calculate p(-14).
51
Let r(g) = -5*g**2 + 163*g + 7465. Determine r(-27).
-581
Let n(i) = -153*i - 14317. Give n(-93).
-88
Let l(x) = -48*x**2 - 155*x + 774. Give l(5).
-1201
Let i(q) = q**3 + 646*q**2 - 3886*q + 16957. Calculate i(-652).
5
Let j(y) = 2*y**3 - 76*y**2 + 888*y - 23710. Determine j(35).
20
Let u(l) = 67661*l - 1217887. What is u(18)?
11
Let n(t) = 1764*t - 33848. Give n(19).
-332
Let f(v) = 43*v**2 + 121*v - 18. Calculate f(-2).
-88
Let t(y) = 280*y + 20681. What is t(-70)?
1081
Let t(g) = -21*g**2 - 222*g + 207. Determine t(1).
-36
Let b(g) = -3*g**2 + 382*g + 5648. Give b(137).
1675
Let q(d) = -3250*d - 48858. Calculate q(-15).
-108
Let z(w) = -5613*w**2 - 48*w + 27. Determine z(1).
-5634
Let j(v) = -v**2 - 40535*v - 6500215. Give j(-161).
-1
Let a(x) = -9*x**2 - 86*x + 225. What is a(-10)?
185
Let k(i) = 39*i**2 + 2412*i + 4325. Calculate k(-60).
5
Let s(q) = q**3 - 5*q**2 + 30*q - 552. Calculate s(9).
42
Let d(z) = z**3 + 26*z**2 - 5985*z - 5748. Determine d(66).
-6
Let q(o) = -27514*o + 8914525. Determine q(324).
-11
Let b(k) = -243*k**2 - 2841*k + 909. Calculate b(-12).
9
Let c(g) = g**3 + 199*g**2 - 392*g + 1742. Give c(-201).
-268
Let a(o) = -o**3 + 372*o**2 + 1081*o + 16535. Determine a(375).
35
Let k(z) = z**2 - 282*z + 17856. What is k(186)?
0
Let r(f) = -f**3 + 16*f**2 - 1277*f + 13444. Determine r(11).
2
Let r(z) = -4*z**2 + 48*z + 102264. Give r(166).
8
Let u(j) = -6*j**3 - 106*j**2 + 5*j - 625. Determine u(-18).
-67
Let z(o) = -22756*o - 68276. Give z(-3).
-8
Let t(w) = 4*w**2 + 57923*w - 521629. What is t(9)?
2
Let z(r) = 7*r**3 + 27*r**2 - 16*r - 134. What is z(-2)?
-50
Let d(a) = 10*a**2 - 35*a - 190. Give d(8).
170
Let i(l) = 13*l**2 - 667*l + 116. Determine i(53).
1282
Let a(k) = 8*k**2 - 271*k + 1232. Give a(5).
77
Let y(v) = -266*v**2 + 2355*v + 271. Give y(9).
-80
Let y(b) = 3*b**3 + 395*b**2 - 137*b - 712. Calculate y(-132).
-52
Let o(h) = -h**2 + 2919*h - 199204. Calculate o(70).
226
Let o(t) = -3798*t + 402597. Calculate o(106).
9
Let i(j) = 1279*j + 47484. Calculate i(-37).
161
Let a(n) = -n**2 + 104*n - 2682. Give a(48).
6
Let z(g) = g**3 + 586*g**2 - 1648*g + 70096. Give z(-589).
5
Let l(b) = -189131*b - 2458700. Determine l(-13).
3
Let p(r) = r**3 - 124*r**2 - 1199*r + 134248. Give p(125).
-2
Let r(m) = 10*m**2 - 670*m + 875. Give r(67).
875
Let z(w) = 7108270*w + 28433091. Calculate z(-4).
11
Let l(r) = 131609*r + 20004580. Calculate l(-152).
12
Let w(q) = 590*q**2 + 6*q - 11. Determine w(1).
585
Let z(y) = -9215*y + 73771. What is z(8)?
51
Let m(h) = -13*h**2 - 15*h - 289. Determine m(10).
-1739
Let p(y) = -4*y**2 - 120*y - 264. Give p(-28).
-40
Let o(s) = s**2 + 2638*s - 203403. Give o(75).
72
Let v(i) = i**3 + 6*i**2 + 74*i + 228. What is v(-3)?
33
Let l(w) = 136*w**2 + 1253*w - 90. What is l(-10)?
980
Let m(c) = -184*c**3 + c**2 - 38*c - 39. Determine m(-1).
184
Let v(s) = -s**3 + 3*s**2 - 270*s + 1065. What is v(4)?
-31
Let m(p) = -43*p**2 + 1991*p - 15604. Give m(10).
6
Let f(s) = -15*s**2 + 127*s - 476. What is f(4)?
-208
Let f(s) = -15462*s - 7591852. Give f(-491).
-10
Let j(o) = o**2 + 197433*o - 2171880. What is j(11)?
4
Let l(z) = z**2 - 104*z + 2072. Calculate l(17).
593
Let i(q) = 92900*q - 371578. Calculate i(4).
22
Let t(m) = 156*m**2 + 9842*m + 1130. Calculate t(-63).
248
Let t(k) = 584*k - 2880. Calculate t(5).
40
Let d(k) = 15*k**2 - 84*k - 327. Give d(-4).
249
Let c(a) = 54*a**2 - 1418*a + 410. What is c(26)?
46
Let r(b) = -b**3 - 56*b**2 + 146*b + 70. Calculate r(3).
-23
Let k(x) = -21*x**2 + 28*x + 191. Calculate k(-6).
-733
Let c(s) = 284*s - 11344. Give c(37).
-836
Let z(a) = 22*a**3 - 7442*a**2 + 2062*a - 11492. What is z(338)?
0
Let p(w) = -2*w**3 - 14*w**2 - 5*w + 312. Determine p(8).
-1648
Let h(x) = 2*x**2 - 83*x - 4854. Give h(-47).
3465
Let y(k) = -k**3 - 15*k**2 - 183*k - 1211. Give y(-9).
-50
Let y(g) = g**3 + 1199*g**2 - 1051*g + 178850. Give y(-1200).
50
Let c(z) = -1358*z + 1042. Give c(-1).
2400
Let h(y) = 10086*y - 332833. What is h(33)?
5
Let q(l) = 1824*l + 14616. Determine q(-8).
24
Let o(j) = 24*j**3 + 129*j**2 - 134*j - 740. Determine o(-6).
-476
Let k(d) = -d**3 - 469*d**2 + 3348*d + 7703. Calculate k(-476).
87
Let n(h) = -32*h**2 - 1772*h - 5313. Give n(-3).
-285
Let x(n) = n**3 - 17*n**2 - 648*n - 3055. Determine x(-6).
5
Let u(c) = c**3 - 10*c**2 - 303*c + 234. Calculate u(-13).
286
Let a(i) = -3*i**2 + 489*i + 28. Determine a(163).
28
Let y(z) = -z**3 - 2815*z**2 + 82497*z + 59724. Calculate y(-2844).
0
Let o(l) = l**3 + 43*l**2 - 154*l - 619. What is o(-46)?
117
Let r(i) = 6903*i - 55225. What is r(8)?
-1
Let r(z) = -226*z**2 + 5136*z + 1438. Determine r(23).
12
Let p(h) = 420*h**2 - 3114*h - 7900. What is p(-2)?
8
Let c(y) = -1949*y + 280677. Give c(144).
21
Let r(s) = 2205677*s - 68375981. Give r(31).
6
Let w(l) = 377*l - 27355. What is w(73)?
166
Let b(v) = 2199*v - 74954. Determine b(34).
-188
Let g(s) = 15*s**3 + 660*s**2 + 10*s + 518. Calculate g(-44).
78
Let u(g) = 406*g + 12217. Give u(-30).
37
Let p(r) = -3296*r**2 - 171318*r + 3842. Give p(-52).
-6
Let h(j) = -3*j**3 + 23*j**2 + 3*j + 95. Determine h(9).
-202
Let w(m) = -m**3 - 118*m**2 - 268*m - 4242. Give w(-116).
-66
Let r(k) = k**2 - 192*k - 273. Give r(194).
115
Let r(s) = -9448*s + 57415. Give r(6).
727
Let k(g) = 16*g + 486. Calculate k(-147).
-1866
Let t(k) = 234925*k + 2819058. What is t(-12)?
-42
Let t(q) = -125444*q + 1003424. Give t(8).
-128
Let d(a) = 2*a**3 + 213*a**2 + 305*a + 395. Give d(-105).
1445
Let b(k) = 28*k**2 - 7983*k + 818. Determine b(285).
-37
Let i(k) = -8*k**2 + 483*k - 2318. What is i(5)?
-103
Let f(n) = 3204*n + 387756. Calculate f(-121).
72
Let v(o) = -16275*o**2 - 276685*o - 159. What is v(-17)?
11
Let w(u) = -2*u**3 - 313*u**2 + 924*u - 31358. Determine w(-160).
2
Let v(r) = -123*r**2 - 9800*r + 3075. Give v(-80).
-125
Let w(n) = 81*n + 8079. Calculate w(-98).
141
Let q(k) = -k**3 + 55*k**2 + 114*k + 3476. Determine q(58).
-4
Let q(b) = b**3 + 108*b**2 + 1003*b + 179. Determine q(-10).
-51
Let q(o) = 5*o**3 - 18*o**2 - 969*o + 3859. Give q